{"id":79,"date":"2020-03-13T13:47:32","date_gmt":"2020-03-13T16:47:32","guid":{"rendered":"http:\/\/adf.org.br\/home\/?page_id=79"},"modified":"2023-07-11T16:00:05","modified_gmt":"2023-07-11T19:00:05","slug":"sobre-a-adf","status":"publish","type":"page","link":"https:\/\/www.adf.org.br\/home\/sobre-a-adf\/","title":{"rendered":"Sobre a ADF"},"content":{"rendered":"\t\t<div data-elementor-type=\"wp-page\" data-elementor-id=\"79\" class=\"elementor elementor-79\" data-elementor-settings=\"[]\">\n\t\t\t\t\t\t<div class=\"elementor-inner\">\n\t\t\t\t\t\t\t<div class=\"elementor-section-wrap\">\n\t\t\t\t\t\t\t<section class=\"elementor-section elementor-top-section elementor-element elementor-element-4090e8a elementor-section-boxed elementor-section-height-default elementor-section-height-default\" data-id=\"4090e8a\" data-element_type=\"section\" data-settings=\"{&quot;background_background&quot;:&quot;classic&quot;}\">\n\t\t\t\t\t\t<div class=\"elementor-container elementor-column-gap-default\">\n\t\t\t\t\t\t\t<div class=\"elementor-row\">\n\t\t\t\t\t<div class=\"elementor-column elementor-col-100 elementor-top-column elementor-element elementor-element-19f586d\" data-id=\"19f586d\" data-element_type=\"column\" data-settings=\"{&quot;background_background&quot;:&quot;classic&quot;}\">\n\t\t\t<div class=\"elementor-column-wrap elementor-element-populated\">\n\t\t\t\t\t\t\t<div class=\"elementor-widget-wrap\">\n\t\t\t\t\t\t\t\t<\/div>\n\t\t\t\t\t<\/div>\n\t\t<\/div>\n\t\t\t\t\t\t\t\t<\/div>\n\t\t\t\t\t<\/div>\n\t\t<\/section>\n\t\t\t\t<section class=\"elementor-section elementor-top-section elementor-element elementor-element-4cf6c66 elementor-section-boxed elementor-section-height-default elementor-section-height-default\" data-id=\"4cf6c66\" data-element_type=\"section\">\n\t\t\t\t\t\t<div class=\"elementor-container elementor-column-gap-default\">\n\t\t\t\t\t\t\t<div class=\"elementor-row\">\n\t\t\t\t\t<div class=\"elementor-column elementor-col-33 elementor-top-column elementor-element elementor-element-4865601\" data-id=\"4865601\" data-element_type=\"column\">\n\t\t\t<div class=\"elementor-column-wrap elementor-element-populated\">\n\t\t\t\t\t\t\t<div class=\"elementor-widget-wrap\">\n\t\t\t\t\t\t<div class=\"elementor-element elementor-element-48377ea elementor-widget elementor-widget-text-editor\" data-id=\"48377ea\" data-element_type=\"widget\" data-widget_type=\"text-editor.default\">\n\t\t\t\t<div class=\"elementor-widget-container\">\n\t\t\t\t\t<div class=\"elementor-text-editor elementor-clearfix\"><p>A\u00a0<strong>Associa\u00e7\u00e3o Devotos de F\u00e1tima<\/strong> (ADF) \u00e9\u00a0 uma institui\u00e7\u00e3o privada, sem fins lucrativos, que tem como miss\u00e3o fomentar a devo\u00e7\u00e3o a Nossa Senhora e difundir Seus apelos ao mundo.<\/p><p>Uma grande s\u00e9rie de apari\u00e7\u00f5es come\u00e7ou em Paris (na Rue du Bac, onde Nossa Senhora mandou cunhar a Medalha Milagrosa), continuou em La Salette e em Lourdes, e culminou na Cova da Iria, onde Nossa Senhora transmitiu a famosa\u00a0<strong><a href=\"http:\/\/www.adf.org.br\/home\/aparicoes-de-fatima\/\">Mensagem aos pastorinhos de F\u00e1tima<\/a>.<\/strong><\/p><p>A ess\u00eancia dessa s\u00e9rie de mensagens \u00e9 um apelo \u00e0 mudan\u00e7a de vida, e serve como resposta para as inquieta\u00e7\u00f5es dos dias de hoje.<\/p><\/div>\n\t\t\t\t<\/div>\n\t\t\t\t<\/div>\n\t\t\t\t\t\t<\/div>\n\t\t\t\t\t<\/div>\n\t\t<\/div>\n\t\t\t\t<div class=\"elementor-column elementor-col-33 elementor-top-column elementor-element elementor-element-203d3b5\" data-id=\"203d3b5\" data-element_type=\"column\">\n\t\t\t<div class=\"elementor-column-wrap\">\n\t\t\t\t\t\t\t<div class=\"elementor-widget-wrap\">\n\t\t\t\t\t\t\t\t<\/div>\n\t\t\t\t\t<\/div>\n\t\t<\/div>\n\t\t\t\t<div class=\"elementor-column elementor-col-33 elementor-top-column elementor-element elementor-element-53fb410\" data-id=\"53fb410\" data-element_type=\"column\">\n\t\t\t<div class=\"elementor-column-wrap elementor-element-populated\">\n\t\t\t\t\t\t\t<div class=\"elementor-widget-wrap\">\n\t\t\t\t\t\t<div class=\"elementor-element elementor-element-77f8b96 elementor-widget elementor-widget-text-editor\" data-id=\"77f8b96\" data-element_type=\"widget\" data-widget_type=\"text-editor.default\">\n\t\t\t\t<div class=\"elementor-widget-container\">\n\t\t\t\t\t<div class=\"elementor-text-editor elementor-clearfix\"><p>Caso queira ter seu nome e seus pedidos de ora\u00e7\u00e3o inclu\u00eddos na pr\u00f3xima Santa Missa que mandaremos celebrar, basta ligar para:<br \/><a href=\"tel:08006082128\"><b>0800 608 2128 <\/b><\/a><br \/><strong><a href=\"tel:1143682253\" target=\"_blank\" rel=\"noopener\">(11) <span class=\"il\">4368<\/span>\u00a0<span class=\"il\">2253<\/span><\/a><\/strong><\/p><p><strong>Onde estamos:<\/strong><\/p><p>Rua Bar\u00e3o de Pirapama, 165, Jardim Leonor, S\u00e3o Paulo, SP, 05614-070<\/p><\/div>\n\t\t\t\t<\/div>\n\t\t\t\t<\/div>\n\t\t\t\t\t\t<\/div>\n\t\t\t\t\t<\/div>\n\t\t<\/div>\n\t\t\t\t\t\t\t\t<\/div>\n\t\t\t\t\t<\/div>\n\t\t<\/section>\n\t\t\t\t<section class=\"elementor-section elementor-top-section elementor-element elementor-element-53f13ae elementor-section-boxed elementor-section-height-default elementor-section-height-default\" data-id=\"53f13ae\" data-element_type=\"section\">\n\t\t\t\t\t\t<div class=\"elementor-container elementor-column-gap-default\">\n\t\t\t\t\t\t\t<div class=\"elementor-row\">\n\t\t\t\t\t<div class=\"elementor-column elementor-col-100 elementor-top-column elementor-element elementor-element-a950f51\" data-id=\"a950f51\" data-element_type=\"column\">\n\t\t\t<div class=\"elementor-column-wrap elementor-element-populated\">\n\t\t\t\t\t\t\t<div class=\"elementor-widget-wrap\">\n\t\t\t\t\t\t<div class=\"elementor-element elementor-element-1f343bc elementor-widget elementor-widget-google_maps\" data-id=\"1f343bc\" data-element_type=\"widget\" data-widget_type=\"google_maps.default\">\n\t\t\t\t<div class=\"elementor-widget-container\">\n\t\t\t<div class=\"elementor-custom-embed\"><iframe frameborder=\"0\" scrolling=\"no\" marginheight=\"0\" marginwidth=\"0\" src=\"https:\/\/maps.google.com\/maps?q=Rua%20Bar%C3%A3o%20de%20Pirapama%2C%20165%2C%20Jardim%20Leonor%2C%20S%C3%A3o%20Paulo%2C%20SP%2C%2005614-070&amp;t=m&amp;z=12&amp;output=embed&amp;iwloc=near\" title=\"Rua Bar\u00e3o de Pirapama, 165, Jardim Leonor, S\u00e3o Paulo, SP, 05614-070\" aria-label=\"Rua Bar\u00e3o de Pirapama, 165, Jardim Leonor, S\u00e3o Paulo, SP, 05614-070\"><\/iframe><\/div>\t\t<\/div>\n\t\t\t\t<\/div>\n\t\t\t\t\t\t<\/div>\n\t\t\t\t\t<\/div>\n\t\t<\/div>\n\t\t\t\t\t\t\t\t<\/div>\n\t\t\t\t\t<\/div>\n\t\t<\/section>\n\t\t\t\t<section class=\"elementor-section elementor-top-section elementor-element elementor-element-33fecaf elementor-section-boxed elementor-section-height-default elementor-section-height-default\" data-id=\"33fecaf\" data-element_type=\"section\">\n\t\t\t\t\t\t<div class=\"elementor-container elementor-column-gap-default\">\n\t\t\t\t\t\t\t<div class=\"elementor-row\">\n\t\t\t\t\t<div class=\"elementor-column elementor-col-100 elementor-top-column elementor-element elementor-element-4b68006\" data-id=\"4b68006\" data-element_type=\"column\">\n\t\t\t<div class=\"elementor-column-wrap\">\n\t\t\t\t\t\t\t<div class=\"elementor-widget-wrap\">\n\t\t\t\t\t\t\t\t<\/div>\n\t\t\t\t\t<\/div>\n\t\t<\/div>\n\t\t\t\t\t\t\t\t<\/div>\n\t\t\t\t\t<\/div>\n\t\t<\/section>\n\t\t\t\t\t\t<\/div>\n\t\t\t\t\t\t<\/div>\n\t\t\t\t\t<\/div>\n\t\t","protected":false},"excerpt":{"rendered":"<p>A\u00a0Associa\u00e7\u00e3o Devotos de F\u00e1tima (ADF) \u00e9\u00a0 uma institui\u00e7\u00e3o privada, sem fins lucrativos, que tem como miss\u00e3o fomentar a devo\u00e7\u00e3o a Nossa Senhora e difundir Seus apelos ao mundo. Uma grande s\u00e9rie de apari\u00e7\u00f5es come\u00e7ou em Paris (na Rue du Bac, onde Nossa Senhora mandou cunhar a Medalha Milagrosa), continuou em La Salette e em Lourdes, [&hellip;]<\/p>\n","protected":false},"author":9,"featured_media":0,"parent":0,"menu_order":0,"comment_status":"closed","ping_status":"closed","template":"elementor_header_footer","meta":[],"yoast_head":"<!-- This site is optimized with the Yoast SEO plugin v17.4 - https:\/\/yoast.com\/wordpress\/plugins\/seo\/ -->\n<title>Sobre a ADF - Associa\u00e7\u00e3o Devotos de F\u00e1tima<\/title>\n<meta name=\"robots\" content=\"index, follow, max-snippet:-1, max-image-preview:large, max-video-preview:-1\" \/>\n<link rel=\"canonical\" href=\"https:\/\/www.adf.org.br\/home\/sobre-a-adf\/\" \/>\n<meta property=\"og:locale\" content=\"pt_BR\" \/>\n<meta property=\"og:type\" content=\"article\" \/>\n<meta property=\"og:title\" content=\"Sobre a ADF - Associa\u00e7\u00e3o Devotos de F\u00e1tima\" \/>\n<meta property=\"og:description\" content=\"A\u00a0Associa\u00e7\u00e3o Devotos de F\u00e1tima (ADF) \u00e9\u00a0 uma institui\u00e7\u00e3o privada, sem fins lucrativos, que tem como miss\u00e3o fomentar a devo\u00e7\u00e3o a Nossa Senhora e difundir Seus apelos ao mundo. Uma grande s\u00e9rie de apari\u00e7\u00f5es come\u00e7ou em Paris (na Rue du Bac, onde Nossa Senhora mandou cunhar a Medalha Milagrosa), continuou em La Salette e em Lourdes, [&hellip;]\" \/>\n<meta property=\"og:url\" content=\"https:\/\/www.adf.org.br\/home\/sobre-a-adf\/\" \/>\n<meta property=\"og:site_name\" content=\"Associa\u00e7\u00e3o Devotos de F\u00e1tima\" \/>\n<meta property=\"article:modified_time\" content=\"2023-07-11T19:00:05+00:00\" \/>\n<meta name=\"twitter:card\" content=\"summary_large_image\" \/>\n<meta name=\"twitter:label1\" content=\"Est. tempo de leitura\" \/>\n\t<meta name=\"twitter:data1\" content=\"1 minuto\" \/>\n<script type=\"application\/ld+json\" class=\"yoast-schema-graph\">{\"@context\":\"https:\/\/schema.org\",\"@graph\":[{\"@type\":\"WebSite\",\"@id\":\"https:\/\/www.adf.org.br\/home\/#website\",\"url\":\"https:\/\/www.adf.org.br\/home\/\",\"name\":\"Associa\\u00e7\\u00e3o Devotos de F\\u00e1tima\",\"description\":\"Associa\\u00e7\\u00e3o Devotos de F\\u00e1tima\",\"potentialAction\":[{\"@type\":\"SearchAction\",\"target\":{\"@type\":\"EntryPoint\",\"urlTemplate\":\"https:\/\/www.adf.org.br\/home\/?s={search_term_string}\"},\"query-input\":\"required name=search_term_string\"}],\"inLanguage\":\"pt-BR\"},{\"@type\":\"WebPage\",\"@id\":\"https:\/\/www.adf.org.br\/home\/sobre-a-adf\/#webpage\",\"url\":\"https:\/\/www.adf.org.br\/home\/sobre-a-adf\/\",\"name\":\"Sobre a ADF - Associa\\u00e7\\u00e3o Devotos de F\\u00e1tima\",\"isPartOf\":{\"@id\":\"https:\/\/www.adf.org.br\/home\/#website\"},\"datePublished\":\"2020-03-13T16:47:32+00:00\",\"dateModified\":\"2023-07-11T19:00:05+00:00\",\"breadcrumb\":{\"@id\":\"https:\/\/www.adf.org.br\/home\/sobre-a-adf\/#breadcrumb\"},\"inLanguage\":\"pt-BR\",\"potentialAction\":[{\"@type\":\"ReadAction\",\"target\":[\"https:\/\/www.adf.org.br\/home\/sobre-a-adf\/\"]}]},{\"@type\":\"BreadcrumbList\",\"@id\":\"https:\/\/www.adf.org.br\/home\/sobre-a-adf\/#breadcrumb\",\"itemListElement\":[{\"@type\":\"ListItem\",\"position\":1,\"name\":\"Home\",\"item\":\"https:\/\/www.adf.org.br\/home\/\"},{\"@type\":\"ListItem\",\"position\":2,\"name\":\"Sobre a ADF\"}]}]}<\/script>\n<!-- \/ Yoast SEO plugin. -->","yoast_head_json":{"title":"Sobre a ADF - Associa\u00e7\u00e3o Devotos de F\u00e1tima","robots":{"index":"index","follow":"follow","max-snippet":"max-snippet:-1","max-image-preview":"max-image-preview:large","max-video-preview":"max-video-preview:-1"},"canonical":"https:\/\/www.adf.org.br\/home\/sobre-a-adf\/","og_locale":"pt_BR","og_type":"article","og_title":"Sobre a ADF - Associa\u00e7\u00e3o Devotos de F\u00e1tima","og_description":"A\u00a0Associa\u00e7\u00e3o Devotos de F\u00e1tima (ADF) \u00e9\u00a0 uma institui\u00e7\u00e3o privada, sem fins lucrativos, que tem como miss\u00e3o fomentar a devo\u00e7\u00e3o a Nossa Senhora e difundir Seus apelos ao mundo. Uma grande s\u00e9rie de apari\u00e7\u00f5es come\u00e7ou em Paris (na Rue du Bac, onde Nossa Senhora mandou cunhar a Medalha Milagrosa), continuou em La Salette e em Lourdes, [&hellip;]","og_url":"https:\/\/www.adf.org.br\/home\/sobre-a-adf\/","og_site_name":"Associa\u00e7\u00e3o Devotos de F\u00e1tima","article_modified_time":"2023-07-11T19:00:05+00:00","twitter_card":"summary_large_image","twitter_misc":{"Est. tempo de leitura":"1 minuto"},"schema":{"@context":"https:\/\/schema.org","@graph":[{"@type":"WebSite","@id":"https:\/\/www.adf.org.br\/home\/#website","url":"https:\/\/www.adf.org.br\/home\/","name":"Associa\u00e7\u00e3o Devotos de F\u00e1tima","description":"Associa\u00e7\u00e3o Devotos de F\u00e1tima","potentialAction":[{"@type":"SearchAction","target":{"@type":"EntryPoint","urlTemplate":"https:\/\/www.adf.org.br\/home\/?s={search_term_string}"},"query-input":"required name=search_term_string"}],"inLanguage":"pt-BR"},{"@type":"WebPage","@id":"https:\/\/www.adf.org.br\/home\/sobre-a-adf\/#webpage","url":"https:\/\/www.adf.org.br\/home\/sobre-a-adf\/","name":"Sobre a ADF - Associa\u00e7\u00e3o Devotos de F\u00e1tima","isPartOf":{"@id":"https:\/\/www.adf.org.br\/home\/#website"},"datePublished":"2020-03-13T16:47:32+00:00","dateModified":"2023-07-11T19:00:05+00:00","breadcrumb":{"@id":"https:\/\/www.adf.org.br\/home\/sobre-a-adf\/#breadcrumb"},"inLanguage":"pt-BR","potentialAction":[{"@type":"ReadAction","target":["https:\/\/www.adf.org.br\/home\/sobre-a-adf\/"]}]},{"@type":"BreadcrumbList","@id":"https:\/\/www.adf.org.br\/home\/sobre-a-adf\/#breadcrumb","itemListElement":[{"@type":"ListItem","position":1,"name":"Home","item":"https:\/\/www.adf.org.br\/home\/"},{"@type":"ListItem","position":2,"name":"Sobre a ADF"}]}]}},"_links":{"self":[{"href":"https:\/\/www.adf.org.br\/home\/wp-json\/wp\/v2\/pages\/79"}],"collection":[{"href":"https:\/\/www.adf.org.br\/home\/wp-json\/wp\/v2\/pages"}],"about":[{"href":"https:\/\/www.adf.org.br\/home\/wp-json\/wp\/v2\/types\/page"}],"author":[{"embeddable":true,"href":"https:\/\/www.adf.org.br\/home\/wp-json\/wp\/v2\/users\/9"}],"replies":[{"embeddable":true,"href":"https:\/\/www.adf.org.br\/home\/wp-json\/wp\/v2\/comments?post=79"}],"version-history":[{"count":24,"href":"https:\/\/www.adf.org.br\/home\/wp-json\/wp\/v2\/pages\/79\/revisions"}],"predecessor-version":[{"id":73054,"href":"https:\/\/www.adf.org.br\/home\/wp-json\/wp\/v2\/pages\/79\/revisions\/73054"}],"wp:attachment":[{"href":"https:\/\/www.adf.org.br\/home\/wp-json\/wp\/v2\/media?parent=79"}],"curies":[{"name":"wp","href":"https:\/\/api.w.org\/{rel}","templated":true}]}}